{"id":118,"date":"2020-01-03T11:59:04","date_gmt":"2020-01-03T11:59:04","guid":{"rendered":"https:\/\/www.jamavia-blue.de\/?page_id=118"},"modified":"2021-03-27T16:07:38","modified_gmt":"2021-03-27T16:07:38","slug":"wer-zu-spaet-kommt","status":"publish","type":"page","link":"https:\/\/www.jamavia-blue.de\/?page_id=118","title":{"rendered":"wer zu sp\u00e4t kommt"},"content":{"rendered":"\t\t<div data-elementor-type=\"wp-page\" data-elementor-id=\"118\" class=\"elementor elementor-118\" data-elementor-post-type=\"page\">\n\t\t\t\t\t\t<section class=\"elementor-section elementor-top-section elementor-element elementor-element-f7d0804 elementor-section-boxed elementor-section-height-default elementor-section-height-default\" data-id=\"f7d0804\" data-element_type=\"section\" data-e-type=\"section\">\n\t\t\t\t\t\t<div class=\"elementor-container elementor-column-gap-default\">\n\t\t\t\t\t<div class=\"elementor-column elementor-col-100 elementor-top-column elementor-element elementor-element-599507e\" data-id=\"599507e\" data-element_type=\"column\" data-e-type=\"column\">\n\t\t\t<div class=\"elementor-widget-wrap elementor-element-populated\">\n\t\t\t\t\t\t<div class=\"elementor-element elementor-element-248020d7 elementor-drop-cap-yes elementor-drop-cap-view-default elementor-widget elementor-widget-text-editor\" data-id=\"248020d7\" data-element_type=\"widget\" data-e-type=\"widget\" data-settings=\"{&quot;drop_cap&quot;:&quot;yes&quot;}\" data-widget_type=\"text-editor.default\">\n\t\t\t\t<div class=\"elementor-widget-container\">\n\t\t\t\t\t\t\t\t\t<p>Unaufh\u00f6rlich starrt Jasmin auf ihr Telefon. Schon den ganzen Tag wartet sie auf einen Anruf von ihrem Maik, aber nichts tut sich.<br \/>\u201eWas ist los, warum ruft er nicht an\u201c, denkt sie bei sich.<br \/>Er hatte mir doch versprochen sich zu melden, schon seit Montag und heute ist schon Freitag. Ist ihm irgend etwas passiert, hatte er vielleicht einen Unfall? Maik f\u00e4hrt den ganzen Tag f\u00fcr eine Spedition als Kraftfahrer, oft ist er bis sp\u00e4t in die Nacht unterwegs und kommt dann v\u00f6llig \u00fcberm\u00fcdet nach hause, aber bisher hatte er wenigstens noch die Zeit gefunden sich zu melden. Manchmal schickte er auch nur eine kurze Nachricht, da\u00df er gut angekommen ist, immer mit ein paar lieben Worten f\u00fcr seine Jasmin, aber in der letzten Zeit werden die Anrufe immer seltener, die Abst\u00e4nde zwischen ihnen immer gr\u00f6\u00dfer und nun hat er sich\u00a0 schon eine Woche nicht mehr gemeldet. Man sieht ihr an, da\u00df sie mit dieser Ungewi\u00dfheit nicht klar kommt, auch wenn sie versucht ihre Gef\u00fchle zu \u00fcberspielen, wer sie kennt, merkt es ihr an. Sie ist traurig. Sollte sie sich so sehr in ihm get\u00e4uscht haben? Dabei war ihre Liebe doch noch so jung, da h\u00e4tte das Telefon gar nicht \u201estill stehen\u201c d\u00fcrfen. \u201eVielleicht ist sein Telefon ja auch defekt, ich werde ihm einen Brief schreiben, den mu\u00df er bekommen und dann werde ich ja sehen wie er darauf antwortet\u201c. Gesagt, getan, sie setzt sich auf ihr Bett und beginnt zu schreiben. \u201eLieber Maik, nachdem ich nun eine Woche auf einen Anruf von Dir gewartet habe und Du Dich bis heute nicht gemeldet hast, nehme ich an, da\u00df Lilienthal nicht mehr \u201eFunktelefon tauglich ist\u201c. Aus diesem Grund und um zu wissen\u00a0 wie es Dir geht, habe ich mich entschlossen heute den \u201ealtmodischen\u201c Weg zu gehen, ich schreibe Dir einen Brief.\u201c Alles, was ihr auf der Seele gelegen hat schrieb sie in ihre Zeilen. Dann schickte sie diese ab, in der Hoffnung jetzt eine Antwort auf ihre Fragen zu bekommen. Wieder verging eine lange Zeit und wieder bekam sie keine Antwort. Sie war sauer. \u201eAuf meine SMS reagiert er nicht, auf meinen Brief hat er nicht geantwortet, jetzt f\u00e4llt mir nichts mehr ein, was ich noch tun k\u00f6nnte. Nun ist er am Zug, entweder er meldet sich in der n\u00e4chsten Zeit oder unsere Beziehung ist dann wohl doch am Ende.\u201c<br \/>Ihr wird schwer ums Herz. Sollte wirklich schon wieder eine Beziehung beendet sein? Der Schmerz w\u00e4re nicht mehr so gro\u00df, wie beim ersten Mal, aber trotzdem tut das Herz weh. Das Telefon klingelt. \u201eHallo, hier ist Beate, willst Du nicht heute Abend mit uns mitkommen? Wir wollen ins Kino und anschlie\u00dfend zur Disco.\u201c \u201eEigentlich nicht,\u201c sagt Jasmin, \u201eich habe keine Lust, mir ist im Moment nicht nach feiern.\u201c \u201eKomm, sei kein Frosch, das bringt Dich auf andere Gedanken. Sonst h\u00e4ngst Du nur rum und vergr\u00e4bst Dich.\u201c \u201e In Ordnung, ich gehe nur schnell unter die Dusche und mache mich fertig, dann komme ich zu Dir r\u00fcber.\u201c Eine Stunde sp\u00e4ter steht Jasmin bei Beate vor der T\u00fcr. \u201eHast\u00b4 Dich aber in Schale geschmissen, willst wohl was aufrei\u00dfen heute Abend?\u201c \u201eBeate!\u201c, sagt sie mit einem Kopfsch\u00fctteln. \u201eJa ich wei\u00df, aber warum denn eigentlich nicht. Also wenn mich ein Typ so lange warten lassen w\u00fcrde, dann h\u00e4tte ich ihm schon l\u00e4ngst den Laufpass gegeben. Die Kerle m\u00fcssen doch nicht denken, da\u00df sie uns auf der Nase herumtanzen k\u00f6nnen. Schlie\u00dflich gibt es nicht nur den Einen.\u201c Gut gesagt, dachte Jasmin so bei sich, aber sagen\u00a0 ist das Eine, es tun etwas ganz Anderes. Trotzdem werde ich mich heute Abend am\u00fcsieren. Zuerst gingen sie ins Kino. Die Zeit bis zur Disko wollten beide nicht zu Hause verbringen. Der Film im Kino war nicht sehr berauschend. Die Werbung, die nun schon \u00fcber zwei Wochen dazu l\u00e4uft hat wieder einmal mehr versprochen, als der Film halten konnte. Anschlie\u00dfend in der Disco waren an diesem Abend auch nur die Typen, die jedes Mal hier sind. Aber was war das?<\/p>\n<p>Hatte sie da eben nicht ihren Freund gesehen? Nein, das kann nicht sein! Er hatte doch gesagt, er hat keine Zeit hat, viel zu tun, eine Arbeitsstelle in Schaumburg oder so \u00e4hnlich &#8211; und jetzt? Sollte er doch hier in der Disco sein? Das wollte sie genau wissen und ging dem Mann hinterher. Das kann doch wohl nicht war sein, dachte sie bei sich, da l\u00e4sst er tagelang nichts von sich h\u00f6ren und dann treffe ich ihn hier. Sie konnte es nicht fassen, wenn sie nun nicht mitgegangen w\u00e4re, wenn Beate sie nicht \u00fcberredet h\u00e4tte heute mitzukommen, sie h\u00e4tte nie herausbekommen, dass er heute Abend hier ist. Weinend und w\u00fctend zugleich suchte sie ihre Freundin. \u201eIch will nach hause, la\u00df uns hier verschwinden!\u201c \u201eWarum willst du jetzt schon gehen, der Abend f\u00e4ngt doch gerade erst an und ich habe gerade einen so s\u00fc\u00dfen Jungen im Auge\u201c. Ich will nicht l\u00e4nger hier bleiben, Maik ist hier und auf ein\u00a0 Zusammentreffen mit Ihm kann ich heute Abend verzichten!\u201c \u201eIch versteh` Dich nicht\u201c, sagt Beate. \u201eErst schmachtest Du Abend f\u00fcr Abend zu hause, dann trifft sie ihren Lover in der Disco und will nichts von ihm wissen. La\u00df Dir doch von ihm erkl\u00e4ren, warum er sich nicht gemeldet hat, vielleicht gibt es eine einfache Erkl\u00e4rung, warum er sich nicht gemeldet hat.\u201c \u201eKomm la\u00df uns gehen, ich habe keinen Bock auf irgendwelche Erkl\u00e4rungen, wenn er mir etwas zu sagen hat, dann soll er sich gef\u00e4lligst bei mir melden und nicht so per Zufall in der Disco. Ich werde dann wieder weich und lasse mich um den Finger wickeln und er kommt um seine Aussprache herum. Nein, so will ich das nicht. Wenn Du noch hier bleiben willst, dann gehe ich allein nach hause.\u201c Beate schaut sie mit gro\u00dfen Augen an. Was sollte sie nun machen? Auf der einen Seite wollte sie ihre Freundin nicht im Stich lassen, andererseits fand sie den Jungen\u00a0 so schnuckelig und wer wei\u00df, wann der wieder hier auf der Bildfl\u00e4che erscheint.<\/p>\n<p>Was sollte sie jetzt machen, wie sollte sie sich entscheiden? \u201eBist Du mir sehr b\u00f6se, wenn ich noch etwas hier bleibe, ich m\u00f6chte doch sehen wie der kleine da hinten so ist. Vielleicht wird es ja auch ein Flop, dann komme ich bald nach.\u201c \u201eIst in Ordnung, ich gehe dann schon los. Wenn Du noch kommen willst, ich bin zu hause, bis dann.\u201c Sie holte ihre Sachen von der Garderobe ab und ging zum Taxistand. Gerade als sie in das Taxi einsteigen wollte, rief jemand hinter ihr her. \u201eJasmin, warte!\u201c Ganz au\u00dfer Atem kommt Peter zum Taxi gelaufen. Peter war ihr verflossener, eigentlich ein prima Kumpel, aber durch ungl\u00fcckliche Umst\u00e4nde hatten beide sich aus den Augen verloren und mindestens ein halbes Jahr nicht mehr gesehen.<\/p>\n<p>\u201eMensch Peter, das ist aber eine \u00dcberraschung, was machst Du denn hier? Ich denk\u00b4 Du\u00a0 wolltest nach Berlin ziehen und dort Dein Studium anfangen?\u201c \u201eHallo meine kleine Maus, da staunst Du, was. Ja, ich wohne auch in Berlin, aber ab und an komme ich noch hierher. Heute Abend ist nicht so sehr viel los hier, wollen wir nicht noch irgendwo ein Glas trinken gehen? Ich lade Dich ein\u201c. Die Idee ist gut, dachte sich Jasmin, ein bischen \u00fcber die alten Zeiten plaudern, mal sehne was so in der letzten Zeit passiert ist. Gesagt, getan, Peter nimmt sie mit zu seinem Auto und beide fahren in ihre Lieblingskneipe. Schnell ist der Frust \u00fcber ihren Freund vergangen und Jasmin hat nur noch Augen f\u00fcr Peter. Warum ist das mit ihnen beiden eigentlich ausein-ander gegangen, das konnte sie bis heute nicht verstehen. Er war doch so ein lieber Kerl, in ihrer gemeinsamen Zeit hatten sie sich nicht ein einziges Mal gestritten, kein lautes Wort. Immer fand Peter die richtigen Worte und eine Verabredung mit ihr verpassen, ohne sich wenigstens rechtzeitig zu melden, so etwas kannte sie von ihm \u00fcberhaupt nicht. Nach \u00fcber zwei Stunden waren beide so mit sich besch\u00e4ftigt, dass Jasmin all ihre Probleme vergessen hatte.<\/p>\n<p>\u201eWillst Du nicht mit zu mir kommen\u201c, fragte sie Peter und der lie\u00df sich nicht lange bitten. Bei ihr zu hause angekommen, zogen sie sich bereits im Flur gegenseitig ihre Sachen aus. Den ganzen Weg bis zum Bett lagen Schuhe, Socken, Hosen und andere Kleidungsst\u00fccke verstreut auf dem Fu\u00dfboden. Mit einer gekonnte Handbewegung schaffte es Jasmin gerade noch die T\u00fcr zu ihrem Zimmer zu schlie\u00dfen und dann\u00a0 versanken beide im Spiel ihrer Gef\u00fchle.<\/p>\n<p>Am n\u00e4chsten Morgen, die Sonne blinzelte bereits durch einen Gardinenspalt, lagen beide immer noch ersch\u00f6pft von der Nacht verschlungen ineinander. Keinerlei Schuldgef\u00fchle, keine Angst vor peinlichen Fragen, einfach nur gl\u00fccklich, so f\u00fchle sich Jasmin in diesem Augenblick und als Peter sie dann noch fragte, \u201e wollen wir nicht beide wieder zusammenkommen \u201c?<\/p>\n<p>Da war ihre Welt wieder v\u00f6llig in Ordnung.<\/p>\n<p><!-- \/wp:paragraph --><\/p>\t\t\t\t\t\t\t\t<\/div>\n\t\t\t\t<\/div>\n\t\t\t\t\t<\/div>\n\t\t<\/div>\n\t\t\t\t\t<\/div>\n\t\t<\/section>\n\t\t\t\t<\/div>\n\t\t","protected":false},"excerpt":{"rendered":"<p>Unaufh\u00f6rlich starrt Jasmin auf ihr Telefon. Schon den ganzen Tag wartet sie auf einen Anruf von ihrem Maik, aber nichts tut sich. \u201eWas ist los, warum ruft er nicht an\u201c, denkt sie bei sich. Er hatte mir doch versprochen sich zu melden, schon seit Montag und heute ist schon Freitag. Ist ihm irgend etwas passiert, [&hellip;]<\/p>\n","protected":false},"author":1,"featured_media":0,"parent":0,"menu_order":0,"comment_status":"closed","ping_status":"closed","template":"","meta":{"site-sidebar-layout":"default","site-content-layout":"default","ast-site-content-layout":"default","site-content-style":"default","site-sidebar-style":"default","ast-global-header-display":"","ast-banner-title-visibility":"","ast-main-header-display":"","ast-hfb-above-header-display":"","ast-hfb-below-header-display":"","ast-hfb-mobile-header-display":"","site-post-title":"","ast-breadcrumbs-content":"","ast-featured-img":"","footer-sml-layout":"","ast-disable-related-posts":"","theme-transparent-header-meta":"default","adv-header-id-meta":"","stick-header-meta":"","header-above-stick-meta":"","header-main-stick-meta":"","header-below-stick-meta":"","astra-migrate-meta-layouts":"default","ast-page-background-enabled":"default","ast-page-background-meta":{"desktop":{"background-color":"","background-image":"","background-repeat":"repeat","background-position":"center center","background-size":"auto","background-attachment":"scroll","background-type":"","background-media":"","overlay-type":"","overlay-color":"","overlay-opacity":"","overlay-gradient":""},"tablet":{"background-color":"","background-image":"","background-repeat":"repeat","background-position":"center center","background-size":"auto","background-attachment":"scroll","background-type":"","background-media":"","overlay-type":"","overlay-color":"","overlay-opacity":"","overlay-gradient":""},"mobile":{"background-color":"","background-image":"","background-repeat":"repeat","background-position":"center center","background-size":"auto","background-attachment":"scroll","background-type":"","background-media":"","overlay-type":"","overlay-color":"","overlay-opacity":"","overlay-gradient":""}},"ast-content-background-meta":{"desktop":{"background-color":"var(--ast-global-color-5)","background-image":"","background-repeat":"repeat","background-position":"center center","background-size":"auto","background-attachment":"scroll","background-type":"","background-media":"","overlay-type":"","overlay-color":"","overlay-opacity":"","overlay-gradient":""},"tablet":{"background-color":"var(--ast-global-color-5)","background-image":"","background-repeat":"repeat","background-position":"center center","background-size":"auto","background-attachment":"scroll","background-type":"","background-media":"","overlay-type":"","overlay-color":"","overlay-opacity":"","overlay-gradient":""},"mobile":{"background-color":"var(--ast-global-color-5)","background-image":"","background-repeat":"repeat","background-position":"center center","background-size":"auto","background-attachment":"scroll","background-type":"","background-media":"","overlay-type":"","overlay-color":"","overlay-opacity":"","overlay-gradient":""}},"footnotes":""},"class_list":["post-118","page","type-page","status-publish","hentry"],"_links":{"self":[{"href":"https:\/\/www.jamavia-blue.de\/index.php?rest_route=\/wp\/v2\/pages\/118","targetHints":{"allow":["GET"]}}],"collection":[{"href":"https:\/\/www.jamavia-blue.de\/index.php?rest_route=\/wp\/v2\/pages"}],"about":[{"href":"https:\/\/www.jamavia-blue.de\/index.php?rest_route=\/wp\/v2\/types\/page"}],"author":[{"embeddable":true,"href":"https:\/\/www.jamavia-blue.de\/index.php?rest_route=\/wp\/v2\/users\/1"}],"replies":[{"embeddable":true,"href":"https:\/\/www.jamavia-blue.de\/index.php?rest_route=%2Fwp%2Fv2%2Fcomments&post=118"}],"version-history":[{"count":6,"href":"https:\/\/www.jamavia-blue.de\/index.php?rest_route=\/wp\/v2\/pages\/118\/revisions"}],"predecessor-version":[{"id":820,"href":"https:\/\/www.jamavia-blue.de\/index.php?rest_route=\/wp\/v2\/pages\/118\/revisions\/820"}],"wp:attachment":[{"href":"https:\/\/www.jamavia-blue.de\/index.php?rest_route=%2Fwp%2Fv2%2Fmedia&parent=118"}],"curies":[{"name":"wp","href":"https:\/\/api.w.org\/{rel}","templated":true}]}}