{"id":122,"date":"2020-01-03T11:59:27","date_gmt":"2020-01-03T11:59:27","guid":{"rendered":"https:\/\/www.jamavia-blue.de\/?page_id=122"},"modified":"2021-03-21T10:33:51","modified_gmt":"2021-03-21T10:33:51","slug":"der-winter","status":"publish","type":"page","link":"https:\/\/www.jamavia-blue.de\/?page_id=122","title":{"rendered":"Winter"},"content":{"rendered":"\t\t<div data-elementor-type=\"wp-page\" data-elementor-id=\"122\" class=\"elementor elementor-122\" data-elementor-post-type=\"page\">\n\t\t\t\t\t\t<section class=\"elementor-section elementor-top-section elementor-element elementor-element-31438d10 elementor-section-boxed elementor-section-height-default elementor-section-height-default\" data-id=\"31438d10\" data-element_type=\"section\" data-e-type=\"section\">\n\t\t\t\t\t\t<div class=\"elementor-container elementor-column-gap-default\">\n\t\t\t\t\t<div class=\"elementor-column elementor-col-100 elementor-top-column elementor-element elementor-element-44969f7a\" data-id=\"44969f7a\" data-element_type=\"column\" data-e-type=\"column\">\n\t\t\t<div class=\"elementor-widget-wrap elementor-element-populated\">\n\t\t\t\t\t\t<div class=\"elementor-element elementor-element-0af9b28 elementor-widget elementor-widget-image\" data-id=\"0af9b28\" data-element_type=\"widget\" data-e-type=\"widget\" data-widget_type=\"image.default\">\n\t\t\t\t<div class=\"elementor-widget-container\">\n\t\t\t\t\t\t\t\t\t\t\t\t\t\t\t<img fetchpriority=\"high\" decoding=\"async\" width=\"768\" height=\"576\" src=\"https:\/\/www.jamavia-blue.de\/wp-content\/uploads\/2020\/01\/20170202_085710-768x576.jpg\" class=\"attachment-medium_large size-medium_large wp-image-18\" alt=\"\" srcset=\"https:\/\/www.jamavia-blue.de\/wp-content\/uploads\/2020\/01\/20170202_085710-768x576.jpg 768w, https:\/\/www.jamavia-blue.de\/wp-content\/uploads\/2020\/01\/20170202_085710-300x225.jpg 300w, https:\/\/www.jamavia-blue.de\/wp-content\/uploads\/2020\/01\/20170202_085710.jpg 1024w\" sizes=\"(max-width: 768px) 100vw, 768px\" \/>\t\t\t\t\t\t\t\t\t\t\t\t\t\t\t<\/div>\n\t\t\t\t<\/div>\n\t\t\t\t<div class=\"elementor-element elementor-element-535be251 elementor-drop-cap-yes elementor-drop-cap-view-default elementor-widget elementor-widget-text-editor\" data-id=\"535be251\" data-element_type=\"widget\" data-e-type=\"widget\" data-settings=\"{&quot;drop_cap&quot;:&quot;yes&quot;}\" data-widget_type=\"text-editor.default\">\n\t\t\t\t<div class=\"elementor-widget-container\">\n\t\t\t\t\t\t\t\t\t\n<p>Lautlos fallen die ersten Schneeflocken auf das Land. Kleine, wei\u00dfe Schneekristalle, versuchen sich an jeden Hindernis, das sich ihnen in den Weg stellt festzuhaken. Immer wieder werden sie vom Wind abgerissen und durch die Luft gewirbelt, tanzen von Windb\u00f6 zu Windb\u00f6, verschwinden hinter der Hausecke, hinter einem Baumstamm und legen sich dann sacht in einer windstillen Ecke auf dem Boden ab. Der Frost beginnt aus den B\u00e4chen und Seen bizarre Gebilde zu formen. Die ersten Eisschollen entstehen und werden vom Wind immer wieder in sich zusammen geschoben. Manchmal t\u00fcrmen sie sich auch zu kleinen H\u00fcgeln <br>am Rande der Seen auf. An den Schilfhalmen h\u00e4ngen dicke Eiskrusten. Es sieht so aus, als h\u00e4tten sie Hosen aus Eis angezogen. Nach und nach versinkt die ganze Landschaft in einem wei\u00dfen Teppich aus Schnee. Er scheint alles unter sich begraben zu wollen, was die Menschen in ihrer Unachtsamkeit im Herbst haben liegen lassen. <\/p>\n\n\n\n<p>Ach ja, die Menschen, eine ganz besondere Spezies von Lebewesen. Aus jedem Jahresabschnitt scheinen einige von ihnen ihren pers\u00f6nlichen Vorteil ziehen zu k\u00f6nnen. Am Sch\u00f6nsten ist es, zu dieser Jahreszeit, die Kinder zu beobachten. Dick vermummt, mit einem Schal, einer Pudelm\u00fctze und Handschuhen trotzen sie der K\u00e4lte. Sie nehmen ihren Schlitten an die Hand, ihre Skier auf die Schulter und machen sich einen Spa\u00df daraus, den n\u00e4chsten noch so kleinen H\u00fcgel herunter zu fahren. Das ist ein Lachen <br> und Schreien vor Freude \u00fcber die Talfahrt und den Spa\u00df dabei, da\u00df einem das Herz beim Zusehen aufgeht. Ganz Wagemutige unter ihnen testen mit ihren Schlittschuhen, ob denn das Eis auf dem See schon tr\u00e4gt. Aber Vorsicht, an der einen oder anderen Stelle ist die Eisschicht noch immer sehr d\u00fcnn. So, da\u00df selbst die Enten nicht von ihm getragen werden. Doch wie Kinder nun einmal sind, es wird ja auf keine Warnung der Erwachsenen geh\u00f6rt. Die Neugierde ist viel gr\u00f6\u00dfer als die Vernunft und schon ist der Erste von ihnen eingebrochen. Er hatte Gl\u00fcck im Ungl\u00fcck, denn an dieser Stelle war das Wasser nur kn\u00f6cheltief. Mit einer nassen Hose, nassen Armen und Tr\u00e4nen in den Augen geht er mit gesenktem Kopf schluchzend nach Hause. Ja, wer nicht h\u00f6ren will, mu\u00df f\u00fchlen. An dieser Stelle trifft das Sprichwort wieder einmal zu. <\/p>\n\n\n\n<p>Es wird dunkel. Der Schnee beginnt unter den Winterstiefeln zu    knirschen, ein Zeichen, da\u00df diese Nacht besonders kalt wird und der Frost <br>sich wieder einen Teil des Sees f\u00fcr seine Zwecke holen wird. Der Mond <br>zaubert mit seinem silbernen Licht lauter kleine Sterne aus den <br>Schneeflocken, die am Boden liegen. Aus den Schornsteinen der H\u00e4user steigt dicker Rauch kerzengerade in den Himmel. In den Kaminen lodern wieder die Feuer und auf den Tischen, in den Stuben, wird wieder eine Kerze angez\u00fcndet. Noch ein paar Tage und das Weihnachtsfest steht vor der T\u00fcr. Weihnachten, von vielen als das Fest der Liebe bezeichnet, aber leider nur von den wenigsten auch als solches begangen. Da werden \u00fcberall wieder Geschenke gekauft, meist viel zu viele, in dem Glauben viel hilft viel.<\/p>\n\t\t\t\t\t\t\t\t<\/div>\n\t\t\t\t<\/div>\n\t\t\t\t\t<\/div>\n\t\t<\/div>\n\t\t\t\t\t<\/div>\n\t\t<\/section>\n\t\t\t\t<section class=\"elementor-section elementor-top-section elementor-element elementor-element-3804cfe elementor-section-boxed elementor-section-height-default elementor-section-height-default\" data-id=\"3804cfe\" data-element_type=\"section\" data-e-type=\"section\">\n\t\t\t\t\t\t<div class=\"elementor-container elementor-column-gap-default\">\n\t\t\t\t\t<div class=\"elementor-column elementor-col-100 elementor-top-column elementor-element elementor-element-3b40f2e\" data-id=\"3b40f2e\" data-element_type=\"column\" data-e-type=\"column\">\n\t\t\t<div class=\"elementor-widget-wrap\">\n\t\t\t\t\t\t\t<\/div>\n\t\t<\/div>\n\t\t\t\t\t<\/div>\n\t\t<\/section>\n\t\t\t\t<\/div>\n\t\t","protected":false},"excerpt":{"rendered":"<p>Lautlos fallen die ersten Schneeflocken auf das Land. Kleine, wei\u00dfe Schneekristalle, versuchen sich an jeden Hindernis, das sich ihnen in den Weg stellt festzuhaken. Immer wieder werden sie vom Wind abgerissen und durch die Luft gewirbelt, tanzen von Windb\u00f6 zu Windb\u00f6, verschwinden hinter der Hausecke, hinter einem Baumstamm und legen sich dann sacht in einer [&hellip;]<\/p>\n","protected":false},"author":1,"featured_media":0,"parent":0,"menu_order":0,"comment_status":"closed","ping_status":"closed","template":"","meta":{"site-sidebar-layout":"default","site-content-layout":"default","ast-site-content-layout":"default","site-content-style":"default","site-sidebar-style":"default","ast-global-header-display":"","ast-banner-title-visibility":"","ast-main-header-display":"","ast-hfb-above-header-display":"","ast-hfb-below-header-display":"","ast-hfb-mobile-header-display":"","site-post-title":"","ast-breadcrumbs-content":"","ast-featured-img":"","footer-sml-layout":"","ast-disable-related-posts":"","theme-transparent-header-meta":"default","adv-header-id-meta":"","stick-header-meta":"","header-above-stick-meta":"","header-main-stick-meta":"","header-below-stick-meta":"","astra-migrate-meta-layouts":"default","ast-page-background-enabled":"default","ast-page-background-meta":{"desktop":{"background-color":"","background-image":"","background-repeat":"repeat","background-position":"center center","background-size":"auto","background-attachment":"scroll","background-type":"","background-media":"","overlay-type":"","overlay-color":"","overlay-opacity":"","overlay-gradient":""},"tablet":{"background-color":"","background-image":"","background-repeat":"repeat","background-position":"center center","background-size":"auto","background-attachment":"scroll","background-type":"","background-media":"","overlay-type":"","overlay-color":"","overlay-opacity":"","overlay-gradient":""},"mobile":{"background-color":"","background-image":"","background-repeat":"repeat","background-position":"center center","background-size":"auto","background-attachment":"scroll","background-type":"","background-media":"","overlay-type":"","overlay-color":"","overlay-opacity":"","overlay-gradient":""}},"ast-content-background-meta":{"desktop":{"background-color":"var(--ast-global-color-5)","background-image":"","background-repeat":"repeat","background-position":"center center","background-size":"auto","background-attachment":"scroll","background-type":"","background-media":"","overlay-type":"","overlay-color":"","overlay-opacity":"","overlay-gradient":""},"tablet":{"background-color":"var(--ast-global-color-5)","background-image":"","background-repeat":"repeat","background-position":"center center","background-size":"auto","background-attachment":"scroll","background-type":"","background-media":"","overlay-type":"","overlay-color":"","overlay-opacity":"","overlay-gradient":""},"mobile":{"background-color":"var(--ast-global-color-5)","background-image":"","background-repeat":"repeat","background-position":"center center","background-size":"auto","background-attachment":"scroll","background-type":"","background-media":"","overlay-type":"","overlay-color":"","overlay-opacity":"","overlay-gradient":""}},"footnotes":""},"class_list":["post-122","page","type-page","status-publish","hentry"],"_links":{"self":[{"href":"https:\/\/www.jamavia-blue.de\/index.php?rest_route=\/wp\/v2\/pages\/122","targetHints":{"allow":["GET"]}}],"collection":[{"href":"https:\/\/www.jamavia-blue.de\/index.php?rest_route=\/wp\/v2\/pages"}],"about":[{"href":"https:\/\/www.jamavia-blue.de\/index.php?rest_route=\/wp\/v2\/types\/page"}],"author":[{"embeddable":true,"href":"https:\/\/www.jamavia-blue.de\/index.php?rest_route=\/wp\/v2\/users\/1"}],"replies":[{"embeddable":true,"href":"https:\/\/www.jamavia-blue.de\/index.php?rest_route=%2Fwp%2Fv2%2Fcomments&post=122"}],"version-history":[{"count":15,"href":"https:\/\/www.jamavia-blue.de\/index.php?rest_route=\/wp\/v2\/pages\/122\/revisions"}],"predecessor-version":[{"id":656,"href":"https:\/\/www.jamavia-blue.de\/index.php?rest_route=\/wp\/v2\/pages\/122\/revisions\/656"}],"wp:attachment":[{"href":"https:\/\/www.jamavia-blue.de\/index.php?rest_route=%2Fwp%2Fv2%2Fmedia&parent=122"}],"curies":[{"name":"wp","href":"https:\/\/api.w.org\/{rel}","templated":true}]}}